{"id":1020,"date":"2021-03-14T20:00:25","date_gmt":"2021-03-14T19:00:25","guid":{"rendered":"https:\/\/flowhandmade.pl\/?post_type=product&#038;p=1020"},"modified":"2025-05-31T10:27:15","modified_gmt":"2025-05-31T08:27:15","slug":"wianek-celine","status":"publish","type":"product","link":"https:\/\/flowhandmade.pl\/index.php\/produkt\/wianek-celine\/","title":{"rendered":"Wianek Celine"},"content":{"rendered":"<p>Bi\u017cuteryjny wianek do w\u0142os\u00f3w zaprojektowany i wykonany w Polsce z najwy\u017cszej jako\u015bci materia\u0142\u00f3w jubilerskich.<\/p>\n<p><strong>PRODUKT DOST\u0118PNY NA ZAM\u00d3WIENIE<\/strong>\u00a0\u2013 termin realizacji ok. 10 dni roboczych.\u00a0 Je\u015bli potrzebujesz go szybciej, napisz do nas: sklep@flowhandmade.pl<\/p>\n<p>OPIS:<\/p>\n<ul>\n<li>wianek wykonany na bazie z\u0142otego, elastycznego drucika, co u\u0142atwia dopasowanie do fryzury<\/li>\n<li>mocowany na bia\u0142\u0105 wst\u0105\u017ck\u0119<\/li>\n<li>wykonany ze szklanych koralik\u00f3w, pere\u0142, oraz kryszta\u0142k\u00f3w Swarovskiego<\/li>\n<li>przybli\u017cone wymiary ca\u0142o\u015bci: 40 cm d\u0142ugo\u015bci x 1 cm w najszerszym punkcie<\/li>\n<\/ul>\n<p>DOPASUJ OZDOB\u0118 DO SWOICH POTRZEB \u2013\u00a0 istnieje mo\u017cliwo\u015b\u0107 wykonania wianka w wersji srebrnej. Dost\u0119pne kolory wst\u0105\u017cki: bia\u0142a, szara, kremowa, z\u0142ota. Dost\u0119pna d\u0142ugo\u015b\u0107 35-45 cm.<\/p>\n<p><em>Prosimy o okre\u015blenie parametr\u00f3w jakie Pa\u0144stwa interesuj\u0105 (tj. kolor, kolor wst\u0105\u017cki, d\u0142ugo\u015b\u0107) podczas finalizacji zakup\u00f3w w oknie \u201eUwagi do zam\u00f3wienia<span class=\"optional\">\u201d znajduj\u0105cym si\u0119\u00a0<\/span>pod danymi teleadresowymi.\u00a0Je\u015bli nie wska\u017c\u0105 Pa\u0144stwo jakich zmian mamy dokona\u0107, wys\u0142any zostanie produkt wykonany wed\u0142ug parametr\u00f3w standardowych okre\u015blonych w opisie produktu.<\/em><\/p>\n<p>Przed dokonaniem zakupu prosimy o dok\u0142adne zapoznanie si\u0119 z zak\u0142adk\u0105 ZWROTY I ZAM\u00d3WIENIA.<\/p>\n","protected":false},"excerpt":{"rendered":"<p>Bi\u017cuteryjny wianek do w\u0142os\u00f3w zaprojektowany i wykonany w Polsce z najwy\u017cszej jako\u015bci materia\u0142\u00f3w jubilerskich. PRODUKT DOST\u0118PNY NA ZAM\u00d3WIENIE\u00a0\u2013 termin realizacji ok. 10 dni roboczych.\u00a0 Je\u015bli potrzebujesz go szybciej, napisz do nas: sklep@flowhandmade.pl OPIS: wianek wykonany na bazie z\u0142otego, elastycznego drucika, co u\u0142atwia dopasowanie do fryzury mocowany na bia\u0142\u0105 wst\u0105\u017ck\u0119 wykonany ze szklanych koralik\u00f3w, pere\u0142, oraz [&hellip;]<\/p>\n","protected":false},"featured_media":1024,"comment_status":"open","ping_status":"closed","template":"","meta":[],"product_brand":[],"product_cat":[45,17],"product_tag":[],"class_list":{"0":"post-1020","1":"product","2":"type-product","3":"status-publish","4":"has-post-thumbnail","6":"product_cat-kolekcja-perfect-moment","7":"product_cat-wianki","9":"first","10":"instock","11":"sold-individually","12":"shipping-taxable","13":"purchasable","14":"product-type-simple"},"yoast_head":"<!-- This site is optimized with the Yoast SEO plugin v27.0 - https:\/\/yoast.com\/product\/yoast-seo-wordpress\/ -->\n<title>Wianek Celine - \u015alubne ozdoby do w\u0142os\u00f3w i bi\u017cuteria \u015blubna<\/title>\n<meta name=\"description\" content=\"Unikatowa, r\u0119cznie robiona bi\u017cuteria i ozdoby do w\u0142os\u00f3w. \u015alubne wianki, grzebyki, opaski, ga\u0142\u0105zki do w\u0142os\u00f3w. Bi\u017cuteria z najwy\u017cszej jako\u015bci materia\u0142\u00f3w jubilerskich: bransoletki, kolczyki i wiele innych.\" \/>\n<meta name=\"robots\" content=\"index, follow, max-snippet:-1, max-image-preview:large, max-video-preview:-1\" \/>\n<link rel=\"canonical\" href=\"https:\/\/flowhandmade.pl\/index.php\/produkt\/wianek-celine\/\" \/>\n<meta property=\"og:locale\" content=\"pl_PL\" \/>\n<meta property=\"og:type\" content=\"article\" \/>\n<meta property=\"og:title\" content=\"Wianek Celine - \u015alubne ozdoby do w\u0142os\u00f3w i bi\u017cuteria \u015blubna\" \/>\n<meta property=\"og:description\" content=\"Unikatowa, r\u0119cznie robiona bi\u017cuteria i ozdoby do w\u0142os\u00f3w. \u015alubne wianki, grzebyki, opaski, ga\u0142\u0105zki do w\u0142os\u00f3w. Bi\u017cuteria z najwy\u017cszej jako\u015bci materia\u0142\u00f3w jubilerskich: bransoletki, kolczyki i wiele innych.\" \/>\n<meta property=\"og:url\" content=\"https:\/\/flowhandmade.pl\/index.php\/produkt\/wianek-celine\/\" \/>\n<meta property=\"og:site_name\" content=\"\u015alubne ozdoby do w\u0142os\u00f3w i bi\u017cuteria \u015blubna\" \/>\n<meta property=\"article:publisher\" content=\"https:\/\/pl-pl.facebook.com\/FlowAkcesoria\/\" \/>\n<meta property=\"article:modified_time\" content=\"2025-05-31T08:27:15+00:00\" \/>\n<meta property=\"og:image\" content=\"https:\/\/flowhandmade.pl\/wp-content\/uploads\/2021\/03\/bez-obrobki-129.webp\" \/>\n\t<meta property=\"og:image:width\" content=\"1500\" \/>\n\t<meta property=\"og:image:height\" content=\"2250\" \/>\n\t<meta property=\"og:image:type\" content=\"image\/jpeg\" \/>\n<meta name=\"twitter:card\" content=\"summary_large_image\" \/>\n<meta name=\"twitter:label1\" content=\"Szacowany czas czytania\" \/>\n\t<meta name=\"twitter:data1\" content=\"1 minuta\" \/>\n<script type=\"application\/ld+json\" class=\"yoast-schema-graph\">{\"@context\":\"https:\/\/schema.org\",\"@graph\":[{\"@type\":\"WebPage\",\"@id\":\"https:\/\/flowhandmade.pl\/index.php\/produkt\/wianek-celine\/\",\"url\":\"https:\/\/flowhandmade.pl\/index.php\/produkt\/wianek-celine\/\",\"name\":\"Wianek Celine - \u015alubne ozdoby do w\u0142os\u00f3w i bi\u017cuteria \u015blubna\",\"isPartOf\":{\"@id\":\"https:\/\/flowhandmade.pl\/#website\"},\"primaryImageOfPage\":{\"@id\":\"https:\/\/flowhandmade.pl\/index.php\/produkt\/wianek-celine\/#primaryimage\"},\"image\":{\"@id\":\"https:\/\/flowhandmade.pl\/index.php\/produkt\/wianek-celine\/#primaryimage\"},\"thumbnailUrl\":\"https:\/\/flowhandmade.pl\/wp-content\/uploads\/2021\/03\/bez-obrobki-129.webp\",\"datePublished\":\"2021-03-14T19:00:25+00:00\",\"dateModified\":\"2025-05-31T08:27:15+00:00\",\"description\":\"Unikatowa, r\u0119cznie robiona bi\u017cuteria i ozdoby do w\u0142os\u00f3w. \u015alubne wianki, grzebyki, opaski, ga\u0142\u0105zki do w\u0142os\u00f3w. Bi\u017cuteria z najwy\u017cszej jako\u015bci materia\u0142\u00f3w jubilerskich: bransoletki, kolczyki i wiele innych.\",\"breadcrumb\":{\"@id\":\"https:\/\/flowhandmade.pl\/index.php\/produkt\/wianek-celine\/#breadcrumb\"},\"inLanguage\":\"pl-PL\",\"potentialAction\":[{\"@type\":\"ReadAction\",\"target\":[\"https:\/\/flowhandmade.pl\/index.php\/produkt\/wianek-celine\/\"]}]},{\"@type\":\"ImageObject\",\"inLanguage\":\"pl-PL\",\"@id\":\"https:\/\/flowhandmade.pl\/index.php\/produkt\/wianek-celine\/#primaryimage\",\"url\":\"https:\/\/flowhandmade.pl\/wp-content\/uploads\/2021\/03\/bez-obrobki-129.webp\",\"contentUrl\":\"https:\/\/flowhandmade.pl\/wp-content\/uploads\/2021\/03\/bez-obrobki-129.webp\",\"width\":1500,\"height\":2250},{\"@type\":\"BreadcrumbList\",\"@id\":\"https:\/\/flowhandmade.pl\/index.php\/produkt\/wianek-celine\/#breadcrumb\",\"itemListElement\":[{\"@type\":\"ListItem\",\"position\":1,\"name\":\"Strona g\u0142\u00f3wna\",\"item\":\"https:\/\/flowhandmade.pl\/\"},{\"@type\":\"ListItem\",\"position\":2,\"name\":\"Sklep\",\"item\":\"https:\/\/flowhandmade.pl\/index.php\/sklep\/\"},{\"@type\":\"ListItem\",\"position\":3,\"name\":\"Wianek Celine\"}]},{\"@type\":\"WebSite\",\"@id\":\"https:\/\/flowhandmade.pl\/#website\",\"url\":\"https:\/\/flowhandmade.pl\/\",\"name\":\"Flow handmade accessories\",\"description\":\"Unikatowa r\u0119cznie robiona bi\u017cuteria \u015blubna, bi\u017cuteryjne \u015blubne ozdoby do w\u0142os\u00f3w; wianki, grzebyki, spinki, opaski, szpilki. Akcesoria \u015blubne.\",\"publisher\":{\"@id\":\"https:\/\/flowhandmade.pl\/#organization\"},\"potentialAction\":[{\"@type\":\"SearchAction\",\"target\":{\"@type\":\"EntryPoint\",\"urlTemplate\":\"https:\/\/flowhandmade.pl\/?s={search_term_string}\"},\"query-input\":{\"@type\":\"PropertyValueSpecification\",\"valueRequired\":true,\"valueName\":\"search_term_string\"}}],\"inLanguage\":\"pl-PL\"},{\"@type\":\"Organization\",\"@id\":\"https:\/\/flowhandmade.pl\/#organization\",\"name\":\"Flow Renata Rosi\u0144ska-Zasuwa\",\"url\":\"https:\/\/flowhandmade.pl\/\",\"logo\":{\"@type\":\"ImageObject\",\"inLanguage\":\"pl-PL\",\"@id\":\"https:\/\/flowhandmade.pl\/#\/schema\/logo\/image\/\",\"url\":\"https:\/\/flowhandmade.pl\/wp-content\/uploads\/2019\/12\/IMG_1800-07-12-19-06-49.jpg\",\"contentUrl\":\"https:\/\/flowhandmade.pl\/wp-content\/uploads\/2019\/12\/IMG_1800-07-12-19-06-49.jpg\",\"width\":2048,\"height\":2048,\"caption\":\"Flow Renata Rosi\u0144ska-Zasuwa\"},\"image\":{\"@id\":\"https:\/\/flowhandmade.pl\/#\/schema\/logo\/image\/\"},\"sameAs\":[\"https:\/\/pl-pl.facebook.com\/FlowAkcesoria\/\",\"https:\/\/www.instagram.com\/flow_handmade_accessories\"]}]}<\/script>\n<!-- \/ Yoast SEO plugin. -->","yoast_head_json":{"title":"Wianek Celine - \u015alubne ozdoby do w\u0142os\u00f3w i bi\u017cuteria \u015blubna","description":"Unikatowa, r\u0119cznie robiona bi\u017cuteria i ozdoby do w\u0142os\u00f3w. \u015alubne wianki, grzebyki, opaski, ga\u0142\u0105zki do w\u0142os\u00f3w. Bi\u017cuteria z najwy\u017cszej jako\u015bci materia\u0142\u00f3w jubilerskich: bransoletki, kolczyki i wiele innych.","robots":{"index":"index","follow":"follow","max-snippet":"max-snippet:-1","max-image-preview":"max-image-preview:large","max-video-preview":"max-video-preview:-1"},"canonical":"https:\/\/flowhandmade.pl\/index.php\/produkt\/wianek-celine\/","og_locale":"pl_PL","og_type":"article","og_title":"Wianek Celine - \u015alubne ozdoby do w\u0142os\u00f3w i bi\u017cuteria \u015blubna","og_description":"Unikatowa, r\u0119cznie robiona bi\u017cuteria i ozdoby do w\u0142os\u00f3w. \u015alubne wianki, grzebyki, opaski, ga\u0142\u0105zki do w\u0142os\u00f3w. Bi\u017cuteria z najwy\u017cszej jako\u015bci materia\u0142\u00f3w jubilerskich: bransoletki, kolczyki i wiele innych.","og_url":"https:\/\/flowhandmade.pl\/index.php\/produkt\/wianek-celine\/","og_site_name":"\u015alubne ozdoby do w\u0142os\u00f3w i bi\u017cuteria \u015blubna","article_publisher":"https:\/\/pl-pl.facebook.com\/FlowAkcesoria\/","article_modified_time":"2025-05-31T08:27:15+00:00","og_image":[{"width":1500,"height":2250,"url":"https:\/\/flowhandmade.pl\/wp-content\/uploads\/2021\/03\/bez-obrobki-129.webp","type":"image\/jpeg"}],"twitter_card":"summary_large_image","twitter_misc":{"Szacowany czas czytania":"1 minuta"},"schema":{"@context":"https:\/\/schema.org","@graph":[{"@type":"WebPage","@id":"https:\/\/flowhandmade.pl\/index.php\/produkt\/wianek-celine\/","url":"https:\/\/flowhandmade.pl\/index.php\/produkt\/wianek-celine\/","name":"Wianek Celine - \u015alubne ozdoby do w\u0142os\u00f3w i bi\u017cuteria \u015blubna","isPartOf":{"@id":"https:\/\/flowhandmade.pl\/#website"},"primaryImageOfPage":{"@id":"https:\/\/flowhandmade.pl\/index.php\/produkt\/wianek-celine\/#primaryimage"},"image":{"@id":"https:\/\/flowhandmade.pl\/index.php\/produkt\/wianek-celine\/#primaryimage"},"thumbnailUrl":"https:\/\/flowhandmade.pl\/wp-content\/uploads\/2021\/03\/bez-obrobki-129.webp","datePublished":"2021-03-14T19:00:25+00:00","dateModified":"2025-05-31T08:27:15+00:00","description":"Unikatowa, r\u0119cznie robiona bi\u017cuteria i ozdoby do w\u0142os\u00f3w. \u015alubne wianki, grzebyki, opaski, ga\u0142\u0105zki do w\u0142os\u00f3w. Bi\u017cuteria z najwy\u017cszej jako\u015bci materia\u0142\u00f3w jubilerskich: bransoletki, kolczyki i wiele innych.","breadcrumb":{"@id":"https:\/\/flowhandmade.pl\/index.php\/produkt\/wianek-celine\/#breadcrumb"},"inLanguage":"pl-PL","potentialAction":[{"@type":"ReadAction","target":["https:\/\/flowhandmade.pl\/index.php\/produkt\/wianek-celine\/"]}]},{"@type":"ImageObject","inLanguage":"pl-PL","@id":"https:\/\/flowhandmade.pl\/index.php\/produkt\/wianek-celine\/#primaryimage","url":"https:\/\/flowhandmade.pl\/wp-content\/uploads\/2021\/03\/bez-obrobki-129.webp","contentUrl":"https:\/\/flowhandmade.pl\/wp-content\/uploads\/2021\/03\/bez-obrobki-129.webp","width":1500,"height":2250},{"@type":"BreadcrumbList","@id":"https:\/\/flowhandmade.pl\/index.php\/produkt\/wianek-celine\/#breadcrumb","itemListElement":[{"@type":"ListItem","position":1,"name":"Strona g\u0142\u00f3wna","item":"https:\/\/flowhandmade.pl\/"},{"@type":"ListItem","position":2,"name":"Sklep","item":"https:\/\/flowhandmade.pl\/index.php\/sklep\/"},{"@type":"ListItem","position":3,"name":"Wianek Celine"}]},{"@type":"WebSite","@id":"https:\/\/flowhandmade.pl\/#website","url":"https:\/\/flowhandmade.pl\/","name":"Flow handmade accessories","description":"Unikatowa r\u0119cznie robiona bi\u017cuteria \u015blubna, bi\u017cuteryjne \u015blubne ozdoby do w\u0142os\u00f3w; wianki, grzebyki, spinki, opaski, szpilki. Akcesoria \u015blubne.","publisher":{"@id":"https:\/\/flowhandmade.pl\/#organization"},"potentialAction":[{"@type":"SearchAction","target":{"@type":"EntryPoint","urlTemplate":"https:\/\/flowhandmade.pl\/?s={search_term_string}"},"query-input":{"@type":"PropertyValueSpecification","valueRequired":true,"valueName":"search_term_string"}}],"inLanguage":"pl-PL"},{"@type":"Organization","@id":"https:\/\/flowhandmade.pl\/#organization","name":"Flow Renata Rosi\u0144ska-Zasuwa","url":"https:\/\/flowhandmade.pl\/","logo":{"@type":"ImageObject","inLanguage":"pl-PL","@id":"https:\/\/flowhandmade.pl\/#\/schema\/logo\/image\/","url":"https:\/\/flowhandmade.pl\/wp-content\/uploads\/2019\/12\/IMG_1800-07-12-19-06-49.jpg","contentUrl":"https:\/\/flowhandmade.pl\/wp-content\/uploads\/2019\/12\/IMG_1800-07-12-19-06-49.jpg","width":2048,"height":2048,"caption":"Flow Renata Rosi\u0144ska-Zasuwa"},"image":{"@id":"https:\/\/flowhandmade.pl\/#\/schema\/logo\/image\/"},"sameAs":["https:\/\/pl-pl.facebook.com\/FlowAkcesoria\/","https:\/\/www.instagram.com\/flow_handmade_accessories"]}]}},"_links":{"self":[{"href":"https:\/\/flowhandmade.pl\/index.php\/wp-json\/wp\/v2\/product\/1020","targetHints":{"allow":["GET"]}}],"collection":[{"href":"https:\/\/flowhandmade.pl\/index.php\/wp-json\/wp\/v2\/product"}],"about":[{"href":"https:\/\/flowhandmade.pl\/index.php\/wp-json\/wp\/v2\/types\/product"}],"replies":[{"embeddable":true,"href":"https:\/\/flowhandmade.pl\/index.php\/wp-json\/wp\/v2\/comments?post=1020"}],"wp:featuredmedia":[{"embeddable":true,"href":"https:\/\/flowhandmade.pl\/index.php\/wp-json\/wp\/v2\/media\/1024"}],"wp:attachment":[{"href":"https:\/\/flowhandmade.pl\/index.php\/wp-json\/wp\/v2\/media?parent=1020"}],"wp:term":[{"taxonomy":"product_brand","embeddable":true,"href":"https:\/\/flowhandmade.pl\/index.php\/wp-json\/wp\/v2\/product_brand?post=1020"},{"taxonomy":"product_cat","embeddable":true,"href":"https:\/\/flowhandmade.pl\/index.php\/wp-json\/wp\/v2\/product_cat?post=1020"},{"taxonomy":"product_tag","embeddable":true,"href":"https:\/\/flowhandmade.pl\/index.php\/wp-json\/wp\/v2\/product_tag?post=1020"}],"curies":[{"name":"wp","href":"https:\/\/api.w.org\/{rel}","templated":true}]}}